{"id":440,"date":"2014-07-29T20:00:33","date_gmt":"2014-07-29T22:00:33","guid":{"rendered":"http:\/\/www.projetodheufjf.com.br\/?page_id=440"},"modified":"2014-07-29T20:00:33","modified_gmt":"2014-07-29T22:00:33","slug":"inscricoes2015","status":"publish","type":"page","link":"https:\/\/homacdhe.com\/index.php\/inscricoes2015\/","title":{"rendered":"II SEMIN\u00c1RIO INTERNACIONAL DE DIREITOS HUMANOS E EMPRESAS"},"content":{"rendered":"<p><!--:pt--><\/p>\n<p align=\"center\"><b>II SEMIN\u00c1RIO INTERNACIONAL DE DIREITOS HUMANOS E EMPRESAS<\/b><\/p>\n<p align=\"center\"><b>13 a 17 de abril de 2015<\/b><\/p>\n<p style=\"text-align: center\"><a style=\"line-height: 40px;text-align: center;font-weight: bold;text-decoration: none;padding: 10px;border: solid 3px #00B5C9;color: #00b5c9;margin: 10px\" title=\"Programa\u00e7\u00e3o do Semin\u00e1rio\" href=\"http:\/\/www.projetodheufjf.com.br\/2015\/02\/09\/2o-seminario-internacional-de-direitos-humanos-e-empresas-programacao\/\" target=\"_blank\" rel=\"noopener\">Veja a Programa\u00e7\u00e3o<\/a><\/p>\n<p style=\"text-align: center\"><a style=\"line-height: 40px;text-align: center;font-weight: bold;text-decoration: none;padding: 10px;border: solid 3px #00B5C9;color: #00b5c9;margin: 10px\" href=\"http:\/\/www.fadepe.ufjf.br\/remoto\/matrelacaoturmas.asp\" target=\"_blank\" rel=\"noopener\">Fa\u00e7a sua Inscri\u00e7\u00e3o<\/a><\/p>\n<p style=\"text-align: center\">(qualquer d\u00favida mande um e-mail para\u00a0homa.cdhe.ufjf@gmail.com)<\/p>\n<p style=\"text-align: center\"><a class=\"box\" href=\"http:\/\/homacdhe.com\/wp-content\/uploads\/2014\/07\/HOMA-A2-Redux.jpg\"><img decoding=\"async\" class=\"aligncenter  wp-image-1089 lazyload\" alt=\"II Semin\u00e1rio Internacional de Direitos Humanos e Empresas\" src=\"data:image\/gif;base64,R0lGODlhAQABAIAAAAAAAP\/\/\/yH5BAEAAAAALAAAAAABAAEAAAIBRAA7\" data-src=\"http:\/\/homacdhe.com\/wp-content\/uploads\/2014\/07\/HOMA-A2-Redux.jpg\" width=\"555\" height=\"786\" \/><noscript><img decoding=\"async\" class=\"aligncenter  wp-image-1089 lazyload\" alt=\"II Semin\u00e1rio Internacional de Direitos Humanos e Empresas\" src=\"http:\/\/homacdhe.com\/wp-content\/uploads\/2014\/07\/HOMA-A2-Redux.jpg\" width=\"555\" height=\"786\" srcset=\"https:\/\/homacdhe.com\/wp-content\/uploads\/2014\/07\/HOMA-A2-Redux.jpg 694w, https:\/\/homacdhe.com\/wp-content\/uploads\/2014\/07\/HOMA-A2-Redux-212x300.jpg 212w, https:\/\/homacdhe.com\/wp-content\/uploads\/2014\/07\/HOMA-A2-Redux-498x705.jpg 498w, https:\/\/homacdhe.com\/wp-content\/uploads\/2014\/07\/HOMA-A2-Redux-450x637.jpg 450w\" sizes=\"(max-width: 555px) 100vw, 555px\" \/><\/noscript><\/a><\/p>\n<p><!--:--><!--:en--><\/p>\n<p align=\"center\"><b>2nd International Business and Human Rights Seminar<\/b><\/p>\n<p align=\"center\"><b>13th to 17th, April 2015<\/b><\/p>\n<p style=\"text-align: center\"><a style=\"line-height: 40px;text-align: center;font-weight: bold;text-decoration: none;padding: 10px;border: solid 3px #00B5C9;color: #00b5c9;margin: 10px\" title=\"Programa\u00e7\u00e3o do Semin\u00e1rio\" href=\"http:\/\/www.projetodheufjf.com.br\/2015\/02\/09\/2o-seminario-internacional-de-direitos-humanos-e-empresas-programacao\/\" target=\"_blank\" rel=\"noopener\">See the event schedule<\/a><\/p>\n<p style=\"text-align: center\"><a style=\"line-height: 40px;text-align: center;font-weight: bold;text-decoration: none;padding: 10px;border: solid 3px #00B5C9;color: #00b5c9;margin: 10px\" href=\"http:\/\/www.fadepe.ufjf.br\/remoto\/matrelacaoturmas.asp\" target=\"_blank\" rel=\"noopener\">Register for the Seminar (System in Portuguese)<\/a><\/p>\n<p style=\"text-align: center\">(Any questions, send an email to homa.cdhe.ufjf@gmail.com)<\/p>\n<p style=\"text-align: center\"><img decoding=\"async\" class=\"aligncenter  wp-image-1050 lazyload\" alt=\"Banner A0 - redux\" src=\"data:image\/gif;base64,R0lGODlhAQABAIAAAAAAAP\/\/\/yH5BAEAAAAALAAAAAABAAEAAAIBRAA7\" data-src=\"http:\/\/homacdhe.com\/wp-content\/uploads\/2014\/07\/Banner-A0-redux1-727x1024.png\" width=\"582\" height=\"819\" \/><noscript><img decoding=\"async\" class=\"aligncenter  wp-image-1050 lazyload\" alt=\"Banner A0 - redux\" src=\"http:\/\/homacdhe.com\/wp-content\/uploads\/2014\/07\/Banner-A0-redux1-727x1024.png\" width=\"582\" height=\"819\" \/><\/noscript><\/p>\n<p><!--:--><!--:es--><\/p>\n<p align=\"center\"><b>II SEMIN\u00c1RIO INTERNACIONAL DE DIREITOS HUMANOS E EMPRESAS<\/b><\/p>\n<p align=\"center\"><b>13 a 17 de abril de 2015<\/b><\/p>\n<p style=\"text-align: center\"><a style=\"line-height: 40px;text-align: center;font-weight: bold;text-decoration: none;padding: 10px;border: solid 3px #00B5C9;color: #00b5c9;margin: 10px\" title=\"Programa\u00e7\u00e3o do Semin\u00e1rio\" href=\"http:\/\/www.projetodheufjf.com.br\/2015\/02\/09\/2o-seminario-internacional-de-direitos-humanos-e-empresas-programacao\/\" target=\"_blank\" rel=\"noopener\">VEA EL PROGRAMA DE EVENTOS<\/a><\/p>\n<p style=\"text-align: center\"><a style=\"line-height: 40px;text-align: center;font-weight: bold;text-decoration: none;padding: 10px;border: solid 3px #00B5C9;color: #00b5c9;margin: 10px\" href=\"http:\/\/www.fadepe.ufjf.br\/remoto\/matrelacaoturmas.asp\" target=\"_blank\" rel=\"noopener\">HAGA SU REGISTRO (EL SISTEMA ESTA EN PORTUGU\u00c9S)<\/a><\/p>\n<p style=\"text-align: center\">(Cualquier duda, enviar un correo electr\u00f3nico a homa.cdhe.ufjf@gmail.com)<\/p>\n<p style=\"text-align: center\"><img decoding=\"async\" class=\"aligncenter  wp-image-1050 lazyload\" alt=\"Banner A0 - redux\" src=\"data:image\/gif;base64,R0lGODlhAQABAIAAAAAAAP\/\/\/yH5BAEAAAAALAAAAAABAAEAAAIBRAA7\" data-src=\"http:\/\/homacdhe.com\/wp-content\/uploads\/2014\/07\/Banner-A0-redux1-727x1024.png\" width=\"582\" height=\"819\" \/><noscript><img decoding=\"async\" class=\"aligncenter  wp-image-1050 lazyload\" alt=\"Banner A0 - redux\" src=\"http:\/\/homacdhe.com\/wp-content\/uploads\/2014\/07\/Banner-A0-redux1-727x1024.png\" width=\"582\" height=\"819\" \/><\/noscript><\/p>\n<p><!--:--><\/p>\n","protected":false},"excerpt":{"rendered":"<p>II SEMIN\u00c1RIO INTERNACIONAL DE DIREITOS HUMANOS E EMPRESAS 13 a 17 de abril de 2015 Veja a Programa\u00e7\u00e3o Fa\u00e7a sua Inscri\u00e7\u00e3o (qualquer d\u00favida mande um e-mail para\u00a0homa.cdhe.ufjf@gmail.com) 2nd International Business and Human Rights Seminar 13th to 17th, April 2015 See the event schedule Register for the Seminar (System in Portuguese) (Any questions, send an email [&hellip;]<\/p>\n","protected":false},"author":1,"featured_media":0,"parent":0,"menu_order":56,"comment_status":"open","ping_status":"open","template":"","meta":{"footnotes":""},"class_list":["post-440","page","type-page","status-publish","hentry"],"_links":{"self":[{"href":"https:\/\/homacdhe.com\/index.php\/wp-json\/wp\/v2\/pages\/440","targetHints":{"allow":["GET"]}}],"collection":[{"href":"https:\/\/homacdhe.com\/index.php\/wp-json\/wp\/v2\/pages"}],"about":[{"href":"https:\/\/homacdhe.com\/index.php\/wp-json\/wp\/v2\/types\/page"}],"author":[{"embeddable":true,"href":"https:\/\/homacdhe.com\/index.php\/wp-json\/wp\/v2\/users\/1"}],"replies":[{"embeddable":true,"href":"https:\/\/homacdhe.com\/index.php\/wp-json\/wp\/v2\/comments?post=440"}],"version-history":[{"count":0,"href":"https:\/\/homacdhe.com\/index.php\/wp-json\/wp\/v2\/pages\/440\/revisions"}],"wp:attachment":[{"href":"https:\/\/homacdhe.com\/index.php\/wp-json\/wp\/v2\/media?parent=440"}],"curies":[{"name":"wp","href":"https:\/\/api.w.org\/{rel}","templated":true}]}}

II SEMINÁRIO INTERNACIONAL DE DIREITOS HUMANOS E EMPRESAS

<p><!--:pt--></p>
<p align="center"><b>II SEMINÁRIO INTERNACIONAL DE DIREITOS HUMANOS E EMPRESAS</b></p>
<p align="center"><b>13 a 17 de abril de 2015</b></p>
<p style="text-align: center"><a style="line-height: 40px;text-align: center;font-weight: bold;text-decoration: none;padding: 10px;border: solid 3px #00B5C9;color: #00b5c9;margin: 10px" title="Programação do Seminário" href="http://www.projetodheufjf.com.br/2015/02/09/2o-seminario-internacional-de-direitos-humanos-e-empresas-programacao/" target="_blank" rel="noopener">Veja a Programação</a></p>
<p style="text-align: center"><a style="line-height: 40px;text-align: center;font-weight: bold;text-decoration: none;padding: 10px;border: solid 3px #00B5C9;color: #00b5c9;margin: 10px" href="http://www.fadepe.ufjf.br/remoto/matrelacaoturmas.asp" target="_blank" rel="noopener">Faça sua Inscrição</a></p>
<p style="text-align: center">(qualquer dúvida mande um e-mail para homa.cdhe.ufjf@gmail.com)</p>
<p style="text-align: center"><a class="box" href="http://homacdhe.com/wp-content/uploads/2014/07/HOMA-A2-Redux.jpg"><img decoding="async" class="aligncenter  wp-image-1089 lazyload" alt="II Seminário Internacional de Direitos Humanos e Empresas" src="data:image/gif;base64,R0lGODlhAQABAIAAAAAAAP///yH5BAEAAAAALAAAAAABAAEAAAIBRAA7" data-src="http://homacdhe.com/wp-content/uploads/2014/07/HOMA-A2-Redux.jpg" width="555" height="786" /><noscript><img decoding="async" class="aligncenter  wp-image-1089 lazyload" alt="II Seminário Internacional de Direitos Humanos e Empresas" src="http://homacdhe.com/wp-content/uploads/2014/07/HOMA-A2-Redux.jpg" width="555" height="786" srcset="https://homacdhe.com/wp-content/uploads/2014/07/HOMA-A2-Redux.jpg 694w, https://homacdhe.com/wp-content/uploads/2014/07/HOMA-A2-Redux-212x300.jpg 212w, https://homacdhe.com/wp-content/uploads/2014/07/HOMA-A2-Redux-498x705.jpg 498w, https://homacdhe.com/wp-content/uploads/2014/07/HOMA-A2-Redux-450x637.jpg 450w" sizes="(max-width: 555px) 100vw, 555px" /></noscript></a></p>
<p><!--:--><!--:en--></p>
<p align="center"><b>2nd International Business and Human Rights Seminar</b></p>
<p align="center"><b>13th to 17th, April 2015</b></p>
<p style="text-align: center"><a style="line-height: 40px;text-align: center;font-weight: bold;text-decoration: none;padding: 10px;border: solid 3px #00B5C9;color: #00b5c9;margin: 10px" title="Programação do Seminário" href="http://www.projetodheufjf.com.br/2015/02/09/2o-seminario-internacional-de-direitos-humanos-e-empresas-programacao/" target="_blank" rel="noopener">See the event schedule</a></p>
<p style="text-align: center"><a style="line-height: 40px;text-align: center;font-weight: bold;text-decoration: none;padding: 10px;border: solid 3px #00B5C9;color: #00b5c9;margin: 10px" href="http://www.fadepe.ufjf.br/remoto/matrelacaoturmas.asp" target="_blank" rel="noopener">Register for the Seminar (System in Portuguese)</a></p>
<p style="text-align: center">(Any questions, send an email to homa.cdhe.ufjf@gmail.com)</p>
<p style="text-align: center"><img decoding="async" class="aligncenter  wp-image-1050 lazyload" alt="Banner A0 - redux" src="data:image/gif;base64,R0lGODlhAQABAIAAAAAAAP///yH5BAEAAAAALAAAAAABAAEAAAIBRAA7" data-src="http://homacdhe.com/wp-content/uploads/2014/07/Banner-A0-redux1-727x1024.png" width="582" height="819" /><noscript><img decoding="async" class="aligncenter  wp-image-1050 lazyload" alt="Banner A0 - redux" src="http://homacdhe.com/wp-content/uploads/2014/07/Banner-A0-redux1-727x1024.png" width="582" height="819" /></noscript></p>
<p><!--:--><!--:es--></p>
<p align="center"><b>II SEMINÁRIO INTERNACIONAL DE DIREITOS HUMANOS E EMPRESAS</b></p>
<p align="center"><b>13 a 17 de abril de 2015</b></p>
<p style="text-align: center"><a style="line-height: 40px;text-align: center;font-weight: bold;text-decoration: none;padding: 10px;border: solid 3px #00B5C9;color: #00b5c9;margin: 10px" title="Programação do Seminário" href="http://www.projetodheufjf.com.br/2015/02/09/2o-seminario-internacional-de-direitos-humanos-e-empresas-programacao/" target="_blank" rel="noopener">VEA EL PROGRAMA DE EVENTOS</a></p>
<p style="text-align: center"><a style="line-height: 40px;text-align: center;font-weight: bold;text-decoration: none;padding: 10px;border: solid 3px #00B5C9;color: #00b5c9;margin: 10px" href="http://www.fadepe.ufjf.br/remoto/matrelacaoturmas.asp" target="_blank" rel="noopener">HAGA SU REGISTRO (EL SISTEMA ESTA EN PORTUGUÉS)</a></p>
<p style="text-align: center">(Cualquier duda, enviar un correo electrónico a homa.cdhe.ufjf@gmail.com)</p>
<p style="text-align: center"><img decoding="async" class="aligncenter  wp-image-1050 lazyload" alt="Banner A0 - redux" src="data:image/gif;base64,R0lGODlhAQABAIAAAAAAAP///yH5BAEAAAAALAAAAAABAAEAAAIBRAA7" data-src="http://homacdhe.com/wp-content/uploads/2014/07/Banner-A0-redux1-727x1024.png" width="582" height="819" /><noscript><img decoding="async" class="aligncenter  wp-image-1050 lazyload" alt="Banner A0 - redux" src="http://homacdhe.com/wp-content/uploads/2014/07/Banner-A0-redux1-727x1024.png" width="582" height="819" /></noscript></p>
<p><!--:--></p>

<p>II SEMINÁRIO INTERNACIONAL DE DIREITOS HUMANOS E EMPRESAS 13 a 17 de abril de 2015 Veja a Programação Faça sua Inscrição (qualquer dúvida mande um e-mail para homa.cdhe.ufjf@gmail.com) 2nd International Business and Human Rights Seminar 13th to 17th, April 2015 See the event schedule Register for the Seminar (System in Portuguese) (Any questions, send an email [&hellip;]</p>
