{"id":4130,"date":"2016-10-06T23:02:34","date_gmt":"2016-10-07T02:02:34","guid":{"rendered":"http:\/\/homacdhe.com\/?page_id=4130"},"modified":"2025-06-20T09:34:43","modified_gmt":"2025-06-20T12:34:43","slug":"dialogosdh","status":"publish","type":"page","link":"https:\/\/homacdhe.com\/index.php\/dialogosdh\/","title":{"rendered":"Di\u00e1logos sobre Direitos Humanos: Direitos Humanos, Direito Internacional e Integra\u00e7\u00e3o"},"content":{"rendered":"<p><a href=\"http:\/\/homacdhe.com\/wp-content\/uploads\/2016\/10\/DI\u00c1LOGOS-SOBRE-DIREITOS-HUMANOS-CARTAZ.jpg\" rel=\"attachment wp-att-4132\"><img decoding=\"async\" class=\" wp-image-4132 aligncenter lazyload\" src=\"data:image\/gif;base64,R0lGODlhAQABAIAAAAAAAP\/\/\/yH5BAEAAAAALAAAAAABAAEAAAIBRAA7\" data-src=\"http:\/\/homacdhe.com\/wp-content\/uploads\/2016\/10\/DI\u00c1LOGOS-SOBRE-DIREITOS-HUMANOS-CARTAZ-300x174.jpg\" alt=\"dialogos-sobre-direitos-humanos-cartaz\" width=\"661\" height=\"383\" \/><noscript><img decoding=\"async\" class=\" wp-image-4132 aligncenter lazyload\" src=\"http:\/\/homacdhe.com\/wp-content\/uploads\/2016\/10\/DI\u00c1LOGOS-SOBRE-DIREITOS-HUMANOS-CARTAZ-300x174.jpg\" alt=\"dialogos-sobre-direitos-humanos-cartaz\" width=\"661\" height=\"383\" srcset=\"https:\/\/homacdhe.com\/wp-content\/uploads\/2016\/10\/DI\u00c1LOGOS-SOBRE-DIREITOS-HUMANOS-CARTAZ-300x174.jpg 300w, https:\/\/homacdhe.com\/wp-content\/uploads\/2016\/10\/DI\u00c1LOGOS-SOBRE-DIREITOS-HUMANOS-CARTAZ-768x446.jpg 768w, https:\/\/homacdhe.com\/wp-content\/uploads\/2016\/10\/DI\u00c1LOGOS-SOBRE-DIREITOS-HUMANOS-CARTAZ-1030x599.jpg 1030w, https:\/\/homacdhe.com\/wp-content\/uploads\/2016\/10\/DI\u00c1LOGOS-SOBRE-DIREITOS-HUMANOS-CARTAZ-1500x872.jpg 1500w, https:\/\/homacdhe.com\/wp-content\/uploads\/2016\/10\/DI\u00c1LOGOS-SOBRE-DIREITOS-HUMANOS-CARTAZ-705x410.jpg 705w, https:\/\/homacdhe.com\/wp-content\/uploads\/2016\/10\/DI\u00c1LOGOS-SOBRE-DIREITOS-HUMANOS-CARTAZ-450x262.jpg 450w\" sizes=\"(max-width: 661px) 100vw, 661px\" \/><\/noscript><\/a><\/p>\n<p>Nos dias 5 e 6 de dezembro o Homa realizar\u00e1 o primeiro <em>Di\u00e1logos sobre Direitos Humanos: Direitos Humanos, Direito Internacional e Integra\u00e7\u00e3o\u00a0<\/em>da Universidade Federal de Juiz de Fora com parceria da C\u00e1tedra Jean Monnet &#8211; UFMG.<\/p>\n<p>O semin\u00e1rio tem como a inten\u00e7\u00e3o discutir temas relativos ao Direito Internacional e \u00e0 Integra\u00e7\u00e3o,\u00a0reunindo especialistas nacionais no tema e disseminando no meio acad\u00eamico o processo de prote\u00e7\u00e3o e defesa dos Direitos Humanos.<\/p>\n<p>O evento tratar\u00e1 de quest\u00f5es relevantes no cen\u00e1rio, tais como:<\/p>\n<ul>\n<li>DI\u00c1LOGOS ENTRE DIREITO INTERNACIONAL E INTEGRA\u00c7\u00c3O: REDE DE PESQUISA &#8211; &#8220;INTEGRA\u00c7\u00c3O, ESTADO E GOVERNAN\u00c7A&#8221;.<\/li>\n<li>DI\u00c1LOGOS ENTRE DIREITOS HUMANOS E DIREITO INTERNACIONAL<\/li>\n<\/ul>\n<p><div  class='avia-button-wrap av-5ipama-1251ccbe580bd165453109dc777a3f1a-wrap avia-button-left  avia-builder-el-0  el_before_av_button  avia-builder-el-first '><a href=\"https:\/\/form.jotformz.com\/63046568850664\" class=\"avia-button av-5ipama-1251ccbe580bd165453109dc777a3f1a av-link-btn avia-icon_select-no avia-size-small avia-position-left avia-color-theme-color\" aria-label=\"Inscreva-se\" target=\"_blank\" rel=\"noopener\"><span class='avia_iconbox_title' >Inscreva-se<\/span><\/a><\/div>\u00a0<div  class='avia-button-wrap av-3u70eq-81728ed3d5d524e520bbf929d5163ebd-wrap avia-button-left  avia-builder-el-1  el_after_av_button  el_before_av_button '><a href=\"http:\/\/homacdhe.com\/wp-content\/uploads\/2016\/10\/Edital-Resumo-Expandido.pdf\" class=\"avia-button av-3u70eq-81728ed3d5d524e520bbf929d5163ebd av-link-btn avia-icon_select-no avia-size-small avia-position-left avia-color-theme-color\" aria-label=\"Edital\"><span class='avia_iconbox_title' >Edital<\/span><\/a><\/div>\u00a0<div  class='avia-button-wrap av-bp1ia-a0dfdb744cb795d50587052b6689a8b6-wrap avia-button-left  avia-builder-el-2  el_after_av_button  avia-builder-el-last '><a href=\"http:\/\/homacdhe.com\/index.php\/pt\/dialogosdh\/\" class=\"avia-button av-bp1ia-a0dfdb744cb795d50587052b6689a8b6 av-link-btn avia-icon_select-no avia-size-small avia-position-left avia-color-theme-color\" aria-label=\"Programa\u00e7\u00e3o Completa\"><span class='avia_iconbox_title' >Programa\u00e7\u00e3o Completa<\/span><\/a><\/div><\/p>\n<p><strong>APRESENTA\u00c7\u00c3O DE TRABALHOS\u00a0<\/strong><\/p>\n<p>Est\u00e1 aberta a submiss\u00e3o de artigos para o <em>Di\u00e1logos sobre Direitos Humanos: Direitos Humanos, Direito Internacional e Integra\u00e7\u00e3o<\/em>.<\/p>\n<p>Veja os termos para o envio de artigos no nosso edital!<\/p>\n<p><strong>PROGRAMA\u00c7AO: DIA 05 DE DEZEMBRO<em> (Segunda-Feira)<\/em><\/strong><\/p>\n<p>Abertura:<\/p>\n<ul>\n<li>Prof\u00aa.Dr\u00aa. Manoela Carneiro Roland<\/li>\n<li>Prof. Dr. Marcos Vinicio Chein Feres<\/li>\n<li>Prof\u00aa Dr\u00aa Aline Ara\u00fajo Passos<\/li>\n<\/ul>\n<p>14h00 Credenciamento<\/p>\n<p>15h00 Abertura<\/p>\n<p>15h30 Di\u00e1logos entre Direito Internacional e Integra\u00e7\u00e3o: Rede de pesquisa: \u201cIntegra\u00e7\u00e3o, Estado e Govern\u00e7a.<\/p>\n<ul>\n<li>Prof\u00aa. Dr\u00aa. Alice Rocha da Silva (<a href=\"http:\/\/lattes.cnpq.br\/5820258525125574\" target=\"_blank\" rel=\"noopener\">Lattes<\/a>)<\/li>\n<li>Dr\u00aa Andressa de Oliveira Lanchotti<\/li>\n<li>Prof. Dr. Carlos Alberto Sim\u00f5es de Tomaz (<a href=\"http:\/\/lattes.cnpq.br\/8345984228594359\" target=\"_blank\" rel=\"noopener\">Lattes<\/a>)<\/li>\n<li>Prof\u00aa. Dr\u00aa. Jamile Bergamaschine Mata Diz (<a href=\"http:\/\/lattes.cnpq.br\/6713925333676182\" target=\"_blank\" rel=\"noopener\">Lattes<\/a>)<\/li>\n<li>Prof. Dr. Leonardo de Ara\u00fajo Ferraz<\/li>\n<li>Prof. Dr. Roberto Correia da Silva Gomes Caldas (<a href=\"http:\/\/lattes.cnpq.br\/9121479237887428\" target=\"_blank\" rel=\"noopener\">Lattes<\/a>)<\/li>\n<\/ul>\n<p>&nbsp;<\/p>\n<p>17h30 Coffee Break<\/p>\n<p>&nbsp;<\/p>\n<p>18h00 Di\u00e1logos entre Direitos Humanos e Direito Internacional.<\/p>\n<ul>\n<li>Prof. Ms. Alexandre Andrade Sampaio (<a href=\"https:\/\/br.linkedin.com\/in\/alexandre-andrade-sampaio-70a84419\" target=\"_blank\" rel=\"noopener\">Linkedin<\/a>)<\/li>\n<li>Prof. Dr. Andr\u00e9 de Carvalho Ramos<\/li>\n<li>Pro\u00aa Dr\u00aa Cl\u00e1udia Maria Toledo da Silveira<\/li>\n<li>Prof\u00aa. Dr\u00aa. Manoela Carneiro Roland (<a href=\"http:\/\/lattes.cnpq.br\/9201858582291121\" target=\"_blank\" rel=\"noopener\">Lattes<\/a>)<\/li>\n<li>Prof. Dr. Raphael Carvalho de Vasconcelos (<a href=\"http:\/\/lattes.cnpq.br\/7743216718297138\" target=\"_blank\" rel=\"noopener\">Lattes<\/a>)<\/li>\n<\/ul>\n<p>21h00 Encerramento<\/p>\n<p>&nbsp;<\/p>\n<p><strong>PROGRAMA\u00c7AO: DIA 06 DE DEZEMBRO\u00a0<em>(Ter\u00e7a-Feira)<\/em><\/strong><\/p>\n<p>14h00 Credenciamento<\/p>\n<p>14h30 In\u00edcio da Apresenta\u00e7\u00f5es de Trabalho<\/p>\n<p>&nbsp;<\/p>\n<p><strong>INVESTIMENTO<\/strong><\/p>\n<ul>\n<li>R$20,00 &#8211; Ouvinte<\/li>\n<li>R$35,00 &#8211; Submiss\u00e3o de Artigo<\/li>\n<\/ul>\n<p>O dep\u00f3sito do valor da taxa de inscri\u00e7\u00e3o dever\u00e1 ser realizado atrav\u00e9s de transfer\u00eancia ou dep\u00f3sito para a seguinte conta poupan\u00e7a:<\/p>\n<p>Banco do Brasil<\/p>\n<p>Ag. 3139-9<\/p>\n<p>cc. 29025-4<\/p>\n<p>Varia\u00e7\u00e3o: 51<\/p>\n<p>Nome: Luiz Carlos Silva Faria J\u00fanior<\/p>\n<ul>\n<li>Os comprovantes de pagamento devem ser enviados por email para homa.cdhe@gmail.com com o seguinte assunto: COMPROVANTE DE PAGAMENTO [SEU NOME].<\/li>\n<li>Poder\u00e1 haver isen\u00e7\u00e3o da taxa de inscri\u00e7\u00e3o mediante solicita\u00e7\u00e3o por e-mail para homa.cdhe@gmail.com, e mediante envio de comprovantes de aprova\u00e7\u00e3o no vestibular por cotas sociais e\/ou raciais, ou de comprovantes de hipossufici\u00eancia.<\/li>\n<\/ul>\n","protected":false},"excerpt":{"rendered":"<p>Nos dias 5 e 6 de dezembro o Homa realizar\u00e1 o primeiro Di\u00e1logos sobre Direitos Humanos: Direitos Humanos, Direito Internacional e Integra\u00e7\u00e3o\u00a0da Universidade Federal de Juiz de Fora com parceria da C\u00e1tedra Jean Monnet &#8211; UFMG. O semin\u00e1rio tem como a inten\u00e7\u00e3o discutir temas relativos ao Direito Internacional e \u00e0 Integra\u00e7\u00e3o,\u00a0reunindo especialistas nacionais no tema [&hellip;]<\/p>\n","protected":false},"author":5,"featured_media":0,"parent":0,"menu_order":48,"comment_status":"closed","ping_status":"closed","template":"","meta":{"footnotes":""},"class_list":["post-4130","page","type-page","status-publish","hentry"],"_links":{"self":[{"href":"https:\/\/homacdhe.com\/index.php\/wp-json\/wp\/v2\/pages\/4130","targetHints":{"allow":["GET"]}}],"collection":[{"href":"https:\/\/homacdhe.com\/index.php\/wp-json\/wp\/v2\/pages"}],"about":[{"href":"https:\/\/homacdhe.com\/index.php\/wp-json\/wp\/v2\/types\/page"}],"author":[{"embeddable":true,"href":"https:\/\/homacdhe.com\/index.php\/wp-json\/wp\/v2\/users\/5"}],"replies":[{"embeddable":true,"href":"https:\/\/homacdhe.com\/index.php\/wp-json\/wp\/v2\/comments?post=4130"}],"version-history":[{"count":15,"href":"https:\/\/homacdhe.com\/index.php\/wp-json\/wp\/v2\/pages\/4130\/revisions"}],"predecessor-version":[{"id":16728,"href":"https:\/\/homacdhe.com\/index.php\/wp-json\/wp\/v2\/pages\/4130\/revisions\/16728"}],"wp:attachment":[{"href":"https:\/\/homacdhe.com\/index.php\/wp-json\/wp\/v2\/media?parent=4130"}],"curies":[{"name":"wp","href":"https:\/\/api.w.org\/{rel}","templated":true}]}}