{"id":15236,"date":"2021-03-15T15:42:47","date_gmt":"2021-03-15T18:42:47","guid":{"rendered":"http:\/\/homacdhe.com\/?page_id=15236"},"modified":"2021-03-15T15:43:07","modified_gmt":"2021-03-15T18:43:07","slug":"capacidad-de-incidencia","status":"publish","type":"page","link":"http:\/\/homacdhe.com\/index.php\/el-centro\/capacidad-de-incidencia\/","title":{"rendered":"Nuestra capacidad de incidencia"},"content":{"rendered":"\n<style type=\"text\/css\" data-created_by=\"avia_inline_auto\" id=\"style-css-av-av_section-ca4b2fdc288740772fae0f9859543e78\">\n.avia-section.av-av_section-ca4b2fdc288740772fae0f9859543e78{\nbackground-color:#00798c;\nbackground-image:unset;\n}\n<\/style>\n<div id='av_section_1'  class='avia-section av-av_section-ca4b2fdc288740772fae0f9859543e78 main_color avia-section-default avia-no-shadow  avia-builder-el-0  el_before_av_one_full  avia-builder-el-first  avia-bg-style-scroll container_wrap sidebar_right'  ><div class='container av-section-cont-open' ><main  role=\"main\" itemprop=\"mainContentOfPage\"  class='template-page content  av-content-small alpha units'><div class='post-entry post-entry-type-page post-entry-15236'><div class='entry-content-wrapper clearfix'>\n\n<style type=\"text\/css\" data-created_by=\"avia_inline_auto\" id=\"style-css-av-av_heading-a6e3d7c44896f1d063ace33dc4120b8b\">\n#top .av-special-heading.av-av_heading-a6e3d7c44896f1d063ace33dc4120b8b{\npadding-bottom:0;\ncolor:#ffffff;\n}\nbody .av-special-heading.av-av_heading-a6e3d7c44896f1d063ace33dc4120b8b .av-special-heading-tag .heading-char{\nfont-size:25px;\n}\n.av-special-heading.av-av_heading-a6e3d7c44896f1d063ace33dc4120b8b .special-heading-inner-border{\nborder-color:#ffffff;\n}\n.av-special-heading.av-av_heading-a6e3d7c44896f1d063ace33dc4120b8b .av-subheading{\nfont-size:15px;\n}\n<\/style>\n<div  class='av-special-heading av-av_heading-a6e3d7c44896f1d063ace33dc4120b8b av-special-heading-h1 custom-color-heading blockquote modern-quote modern-centered  avia-builder-el-1  avia-builder-el-no-sibling '><h1 class='av-special-heading-tag '  itemprop=\"headline\"  >Nuestra capacidad de incidencia<\/h1><div class=\"special-heading-border\"><div class=\"special-heading-inner-border\"><\/div><\/div><\/div>\n<\/div><\/div><\/main><!-- close content main element --><\/div><\/div><div id='after_section_1'  class='main_color av_default_container_wrap container_wrap sidebar_right'  ><div class='container av-section-cont-open' ><div class='template-page content  av-content-small alpha units'><div class='post-entry post-entry-type-page post-entry-15236'><div class='entry-content-wrapper clearfix'><div  class='flex_column av-av_one_full-2a9015ff38129c418a3f2eafba3e9512 av_one_full  avia-builder-el-2  el_after_av_section  el_before_av_one_third  avia-builder-el-first  first flex_column_div  '     ><section  class='av_textblock_section av-av_textblock-0366cc7376be6c9e82a3e9cc8987b64f '   itemscope=\"itemscope\" itemtype=\"https:\/\/schema.org\/CreativeWork\" ><div class='avia_textblock'  itemprop=\"text\" ><p><span style=\"font-size: 16px;\">Homa, con vistas a un an\u00e1lisis estrat\u00e9gico desde su creaci\u00f3n de la necesidad de\u00a0<strong>contribuir a la lucha de los afectados y afectadas\u00a0<\/strong>por violaciones de los Derechos Humanos por parte de las empresas,\u00a0<strong>act\u00faa de forma de\u00a0potencializar la defensa de los derechos de estas poblaciones, a partir de\u00a0su capacitaci\u00f3n jur\u00eddica<\/strong>.\u00a0Con este fin, el Centro busca involucrarse con la sociedad civil en varios frentes de trabajo.\u00a0<\/span><\/p>\n<p><span style=\"font-size: 16px;\">A lo largo de sus\u00a0<strong>9 a\u00f1os\u00a0<\/strong>de existencia y actuaci\u00f3n en el tema de Derechos Humanos y Empresas, abarcando\u00a0<strong>actividades en Brasil, Latinoam\u00e9rica y la ONU<\/strong>, Homa ha acumulado un amplio conocimiento en el \u00e1rea,\u00a0atendiendo las demandas\u00a0de diversas organizaciones de la Sociedad Civil brasile\u00f1a e internacional.\u00a0\u00a0\u00a0\u00a0<\/span><\/p>\n<p><span style=\"font-size: 16px;\">Actualmente,\u00a0nuestra capacidad de incidencia comprende las\u00a0actividades que se detallan a continuaci\u00f3n.\u00a0En caso de que posea alguna de estas demandas, cont\u00e1ctenos por correo electr\u00f3nico:\u00a0projeto.homa@ufjf.edu.br<\/span><\/p>\n<\/div><\/section><\/div><div  class='flex_column av-av_one_third-2a9015ff38129c418a3f2eafba3e9512 av_one_third  avia-builder-el-4  el_after_av_one_full  el_before_av_one_third  first flex_column_div  column-top-margin'     ><p>\n<style type=\"text\/css\" data-created_by=\"avia_inline_auto\" id=\"style-css-av-av_heading-8afd8b513020a717609aae25a4923537\">\n#top .av-special-heading.av-av_heading-8afd8b513020a717609aae25a4923537{\npadding-bottom:10px;\ncolor:#582c83;\n}\nbody .av-special-heading.av-av_heading-8afd8b513020a717609aae25a4923537 .av-special-heading-tag .heading-char{\nfont-size:25px;\n}\n.av-special-heading.av-av_heading-8afd8b513020a717609aae25a4923537 .special-heading-inner-border{\nborder-color:#582c83;\n}\n.av-special-heading.av-av_heading-8afd8b513020a717609aae25a4923537 .av-subheading{\nfont-size:15px;\n}\n<\/style>\n<div  class='av-special-heading av-av_heading-8afd8b513020a717609aae25a4923537 av-special-heading-h1 custom-color-heading blockquote modern-quote modern-centered  avia-builder-el-5  el_before_av_hr  avia-builder-el-first '><h1 class='av-special-heading-tag '  itemprop=\"headline\"  >Investigaci\u00f3n<\/h1><div class=\"special-heading-border\"><div class=\"special-heading-inner-border\"><\/div><\/div><\/div><br \/>\n\n<style type=\"text\/css\" data-created_by=\"avia_inline_auto\" id=\"style-css-av-av_hr-8fed15bc4ac415a4bf72ab6854a6e856\">\n#top .hr.av-av_hr-8fed15bc4ac415a4bf72ab6854a6e856{\nmargin-top:10;\nmargin-bottom:10;\n}\n.hr.av-av_hr-8fed15bc4ac415a4bf72ab6854a6e856 .hr-inner{\nwidth:10;\nborder-color:#582c83;\n}\n<\/style>\n<div  class='hr av-av_hr-8fed15bc4ac415a4bf72ab6854a6e856 hr-custom  avia-builder-el-6  el_after_av_heading  el_before_av_heading  hr-center hr-icon-no'><span class='hr-inner inner-border-av-border-fat'><span class=\"hr-inner-style\"><\/span><\/span><\/div><br \/>\n\n<style type=\"text\/css\" data-created_by=\"avia_inline_auto\" id=\"style-css-av-av_heading-6dfd7c3535ba123318bb48c947cd78ac\">\n#top .av-special-heading.av-av_heading-6dfd7c3535ba123318bb48c947cd78ac{\npadding-bottom:10px;\ncolor:#582c83;\n}\nbody .av-special-heading.av-av_heading-6dfd7c3535ba123318bb48c947cd78ac .av-special-heading-tag .heading-char{\nfont-size:25px;\n}\n.av-special-heading.av-av_heading-6dfd7c3535ba123318bb48c947cd78ac .special-heading-inner-border{\nborder-color:#582c83;\n}\n.av-special-heading.av-av_heading-6dfd7c3535ba123318bb48c947cd78ac .av-subheading{\nfont-size:15px;\n}\n<\/style>\n<div  class='av-special-heading av-av_heading-6dfd7c3535ba123318bb48c947cd78ac av-special-heading-h2 custom-color-heading blockquote modern-quote modern-centered  avia-builder-el-7  el_after_av_hr  avia-builder-el-last '><h2 class='av-special-heading-tag '  itemprop=\"headline\"  >Estudio y producci\u00f3n de publicaciones acad\u00e9micas y material did\u00e1ctico<\/h2><div class='av_custom_color av-subheading av-subheading_below'><p>&#8211; Informes;<br \/>\n&#8211; Art\u00edculos cient\u00edficos;<br \/>\n&#8211; Estudios de caso;<br \/>\n&#8211; Estudio de Derecho Comparado;<br \/>\n&#8211; Diversas investigaciones que involucren violaciones de Derechos Humanos por parte de empresas o pol\u00edticas en la materia.<\/p>\n<\/div><div class=\"special-heading-border\"><div class=\"special-heading-inner-border\"><\/div><\/div><\/div><\/p><\/div><div  class='flex_column av-av_one_third-93a81277e5006bb2348109df4de0b554 av_one_third  avia-builder-el-8  el_after_av_one_third  el_before_av_one_third  flex_column_div  column-top-margin'     ><p>\n<style type=\"text\/css\" data-created_by=\"avia_inline_auto\" id=\"style-css-av-av_heading-7c25be7f0e6d19cfcf98ba5bf3367175\">\n#top .av-special-heading.av-av_heading-7c25be7f0e6d19cfcf98ba5bf3367175{\npadding-bottom:10px;\ncolor:#00b0b9;\n}\nbody .av-special-heading.av-av_heading-7c25be7f0e6d19cfcf98ba5bf3367175 .av-special-heading-tag .heading-char{\nfont-size:25px;\n}\n.av-special-heading.av-av_heading-7c25be7f0e6d19cfcf98ba5bf3367175 .special-heading-inner-border{\nborder-color:#00b0b9;\n}\n.av-special-heading.av-av_heading-7c25be7f0e6d19cfcf98ba5bf3367175 .av-subheading{\nfont-size:15px;\n}\n<\/style>\n<div  class='av-special-heading av-av_heading-7c25be7f0e6d19cfcf98ba5bf3367175 av-special-heading-h1 custom-color-heading blockquote modern-quote modern-centered  avia-builder-el-9  el_before_av_hr  avia-builder-el-first '><h1 class='av-special-heading-tag '  itemprop=\"headline\"  >Capacitaci\u00f3n<\/h1><div class=\"special-heading-border\"><div class=\"special-heading-inner-border\"><\/div><\/div><\/div><br \/>\n\n<style type=\"text\/css\" data-created_by=\"avia_inline_auto\" id=\"style-css-av-av_hr-45f5a03b884acf17572b7822c7361e51\">\n#top .hr.av-av_hr-45f5a03b884acf17572b7822c7361e51{\nmargin-top:10;\nmargin-bottom:10;\n}\n.hr.av-av_hr-45f5a03b884acf17572b7822c7361e51 .hr-inner{\nwidth:10;\nborder-color:#00b0b9;\n}\n<\/style>\n<div  class='hr av-av_hr-45f5a03b884acf17572b7822c7361e51 hr-custom  avia-builder-el-10  el_after_av_heading  el_before_av_heading  hr-center hr-icon-no'><span class='hr-inner inner-border-av-border-fat'><span class=\"hr-inner-style\"><\/span><\/span><\/div><br \/>\n\n<style type=\"text\/css\" data-created_by=\"avia_inline_auto\" id=\"style-css-av-av_heading-e2d08de7c7024a5dea11a3b5df4b2bfb\">\n#top .av-special-heading.av-av_heading-e2d08de7c7024a5dea11a3b5df4b2bfb{\npadding-bottom:10px;\ncolor:#00b0b9;\n}\nbody .av-special-heading.av-av_heading-e2d08de7c7024a5dea11a3b5df4b2bfb .av-special-heading-tag .heading-char{\nfont-size:25px;\n}\n.av-special-heading.av-av_heading-e2d08de7c7024a5dea11a3b5df4b2bfb .special-heading-inner-border{\nborder-color:#00b0b9;\n}\n.av-special-heading.av-av_heading-e2d08de7c7024a5dea11a3b5df4b2bfb .av-subheading{\nfont-size:15px;\n}\n<\/style>\n<div  class='av-special-heading av-av_heading-e2d08de7c7024a5dea11a3b5df4b2bfb av-special-heading-h2 custom-color-heading blockquote modern-quote modern-centered  avia-builder-el-11  el_after_av_hr  avia-builder-el-last '><h2 class='av-special-heading-tag '  itemprop=\"headline\"  >Capacitaci\u00f3n de actores de la Sociedad Civil, del Poder P\u00fablico y del Sector Privado en Derechos Humanos y Empresas<\/h2><div class='av_custom_color av-subheading av-subheading_below'><p>&#8211; Cursos de corta o larga duraci\u00f3n;<br \/>\n&#8211; Talleres tem\u00e1ticos;<br \/>\n&#8211; Conferencias en eventos.<\/p>\n<\/div><div class=\"special-heading-border\"><div class=\"special-heading-inner-border\"><\/div><\/div><\/div><\/p><\/div><div  class='flex_column av-av_one_third-93a81277e5006bb2348109df4de0b554 av_one_third  avia-builder-el-12  el_after_av_one_third  el_before_av_one_full  flex_column_div  column-top-margin'     ><p>\n<style type=\"text\/css\" data-created_by=\"avia_inline_auto\" id=\"style-css-av-av_heading-4a50188988ff5191428b19960fe7a950\">\n#top .av-special-heading.av-av_heading-4a50188988ff5191428b19960fe7a950{\npadding-bottom:10px;\ncolor:#006295;\n}\nbody .av-special-heading.av-av_heading-4a50188988ff5191428b19960fe7a950 .av-special-heading-tag .heading-char{\nfont-size:25px;\n}\n.av-special-heading.av-av_heading-4a50188988ff5191428b19960fe7a950 .special-heading-inner-border{\nborder-color:#006295;\n}\n.av-special-heading.av-av_heading-4a50188988ff5191428b19960fe7a950 .av-subheading{\nfont-size:15px;\n}\n<\/style>\n<div  class='av-special-heading av-av_heading-4a50188988ff5191428b19960fe7a950 av-special-heading-h1 custom-color-heading blockquote modern-quote modern-centered  avia-builder-el-13  el_before_av_hr  avia-builder-el-first '><h1 class='av-special-heading-tag '  itemprop=\"headline\"  >Consultor\u00eda<\/h1><div class=\"special-heading-border\"><div class=\"special-heading-inner-border\"><\/div><\/div><\/div><br \/>\n\n<style type=\"text\/css\" data-created_by=\"avia_inline_auto\" id=\"style-css-av-av_hr-3b0d53768ef0a42d8109610c0ffef1c3\">\n#top .hr.av-av_hr-3b0d53768ef0a42d8109610c0ffef1c3{\nmargin-top:10;\nmargin-bottom:10;\n}\n.hr.av-av_hr-3b0d53768ef0a42d8109610c0ffef1c3 .hr-inner{\nwidth:10;\nborder-color:#006295;\n}\n<\/style>\n<div  class='hr av-av_hr-3b0d53768ef0a42d8109610c0ffef1c3 hr-custom  avia-builder-el-14  el_after_av_heading  el_before_av_heading  hr-center hr-icon-no'><span class='hr-inner inner-border-av-border-fat'><span class=\"hr-inner-style\"><\/span><\/span><\/div><br \/>\n\n<style type=\"text\/css\" data-created_by=\"avia_inline_auto\" id=\"style-css-av-av_heading-1eb255938014693f2a7a96caab15880f\">\n#top .av-special-heading.av-av_heading-1eb255938014693f2a7a96caab15880f{\npadding-bottom:10px;\ncolor:#006295;\n}\nbody .av-special-heading.av-av_heading-1eb255938014693f2a7a96caab15880f .av-special-heading-tag .heading-char{\nfont-size:25px;\n}\n.av-special-heading.av-av_heading-1eb255938014693f2a7a96caab15880f .special-heading-inner-border{\nborder-color:#006295;\n}\n.av-special-heading.av-av_heading-1eb255938014693f2a7a96caab15880f .av-subheading{\nfont-size:15px;\n}\n<\/style>\n<div  class='av-special-heading av-av_heading-1eb255938014693f2a7a96caab15880f av-special-heading-h2 custom-color-heading blockquote modern-quote modern-centered  avia-builder-el-15  el_after_av_hr  avia-builder-el-last '><h2 class='av-special-heading-tag '  itemprop=\"headline\"  >Asesoramiento en Derechos Humanos y Empresas para la Sociedad Civil y el Poder P\u00fablico<\/h2><div class='av_custom_color av-subheading av-subheading_below'><p>&#8211; Elaboraci\u00f3n y an\u00e1lisis de borradores de resoluciones normativas;<br \/>\n&#8211; An\u00e1lisis de proyectos de ley;<br \/>\n&#8211; Coproducci\u00f3n y an\u00e1lisis de pol\u00edticas p\u00fablicas;<br \/>\n&#8211; Seguimiento y asesoramiento en juicios relacionados con violaciones de Derechos Humanos por parte de Empresas;<br \/>\n&#8211; Asistencia en diversas actividades;<\/p>\n<\/div><div class=\"special-heading-border\"><div class=\"special-heading-inner-border\"><\/div><\/div><\/div><\/p><\/div><div  class='flex_column av-av_one_full-2a9015ff38129c418a3f2eafba3e9512 av_one_full  avia-builder-el-16  el_after_av_one_third  avia-builder-el-last  first flex_column_div  column-top-margin'     ><section  class='av_textblock_section av-av_textblock-0366cc7376be6c9e82a3e9cc8987b64f '   itemscope=\"itemscope\" itemtype=\"https:\/\/schema.org\/CreativeWork\" ><div class='avia_textblock'  itemprop=\"text\" ><p style=\"text-align: center;\"><span style=\"font-size: 16px;\">Algunas demandas ya\u00a0cumplidas\u00a0por el Centro:\u00a0<\/span><\/p>\n<p style=\"text-align: center;\"><span style=\"font-size: 16px;\"><strong>Investigaci\u00f3n:<\/strong><\/span><br \/>\n<span style=\"font-size: 16px;\"> I &#8211; Elaboraci\u00f3n del documento \u201cA necessidade e viabilidade de um marco geral em Direitos Humanos e Empresas no Brasil\u201d para la FES \u2013 Brasil y Amigos da Terra Brasil (2020);<\/span><br \/>\n<span style=\"font-size: 16px;\"> II &#8211; Elaboraci\u00f3n del documento \u201cComent\u00e1rios sobre o PL 2.788\/2019 sobre a Pol\u00edtica Nacional de Direitos das Popula\u00e7\u00f5es Atingidas por Barragens\u201d para el Movimento dos Atingidos por Barragens \u2013 MAB (2020);<\/span><br \/>\n<span style=\"font-size: 16px;\"> III &#8211; Elaboraci\u00f3n de varios informes de an\u00e1lisis de los borradores y del proceso del Tratado en Derechos Humanos y Empresas en la ONU para la\u00a0Global Campaign (desde 2014);<\/span><br \/>\n<span style=\"font-size: 16px;\"> IV &#8211; Elaboraci\u00f3n de la Resoluci\u00f3n n\u00ba\u00a05, de 12 de marzo de 2020, del Consejo Nacional de Derechos Humanos &#8211; CNDH &#8211; que establece Lineamientos Nacionales de Pol\u00edtica P\u00fablica en Derechos Humanos y Empresas (2019);<\/span><br \/>\n<span style=\"font-size: 16px;\"> V &#8211; Elaboraci\u00f3n del informe: \u201cO caso do Complexo Portu\u00e1rio do A\u00e7u-RJ\u201d (2017);<\/span><\/p>\n<p style=\"text-align: center;\"><span style=\"font-size: 16px;\"><strong>Capacitaci\u00f3n:<\/strong><\/span><br \/>\n<span style=\"font-size: 16px;\"> I &#8211; Oferta de cursos sobre aspectos legales del Tratado de Derechos Humanos y Empresas para Friends of the Earth International\u00a0(2021);<br \/>\n<\/span><span style=\"font-size: 16px;\">II &#8211; Ofrecer cientos de conferencias en todo el mundo sobre el tema, incluso en el Consejo de Derechos Humanos de la ONU, el Parlamento del Mercosur y de Uruguay y la Asociaci\u00f3n de Abogados de S\u00e3o Paulo &#8211; AASP\u00a0(desde 2012);<br \/>\n<\/span><span style=\"font-size: 16px;\">III &#8211; Ofrecimiento de un taller de Derechos Humanos y Miner\u00eda en la UFJF-MG en asociaci\u00f3n con la Red de Investigaci\u00f3n Rio Doce (2017);<\/span><\/p>\n<p style=\"text-align: center;\"><span style=\"font-size: 16px;\"><strong>Consultor\u00eda:<\/strong><\/span><br \/>\n<span style=\"font-size: 16px;\"> I &#8211; Asesoramiento de la\u00a0Global Campaign sobre el proceso de negociaci\u00f3n del Tratado de Derechos Humanos y Empresas en la ONU (desde 2014);<\/span><br \/>\n<span style=\"font-size: 16px;\"> II &#8211; Asesoramiento del Consejo Nacional de Derechos Humanos &#8211; CNDH &#8211; Brasil \u2013 en el tema Derechos Humanos y Empresas (2019);<\/span><\/p>\n<\/div><\/section><\/div><\/p>\n","protected":false},"excerpt":{"rendered":"","protected":false},"author":4,"featured_media":0,"parent":14373,"menu_order":19,"comment_status":"closed","ping_status":"closed","template":"","meta":{"footnotes":""},"class_list":["post-15236","page","type-page","status-publish","hentry"],"_links":{"self":[{"href":"http:\/\/homacdhe.com\/index.php\/wp-json\/wp\/v2\/pages\/15236","targetHints":{"allow":["GET"]}}],"collection":[{"href":"http:\/\/homacdhe.com\/index.php\/wp-json\/wp\/v2\/pages"}],"about":[{"href":"http:\/\/homacdhe.com\/index.php\/wp-json\/wp\/v2\/types\/page"}],"author":[{"embeddable":true,"href":"http:\/\/homacdhe.com\/index.php\/wp-json\/wp\/v2\/users\/4"}],"replies":[{"embeddable":true,"href":"http:\/\/homacdhe.com\/index.php\/wp-json\/wp\/v2\/comments?post=15236"}],"version-history":[{"count":1,"href":"http:\/\/homacdhe.com\/index.php\/wp-json\/wp\/v2\/pages\/15236\/revisions"}],"predecessor-version":[{"id":15237,"href":"http:\/\/homacdhe.com\/index.php\/wp-json\/wp\/v2\/pages\/15236\/revisions\/15237"}],"up":[{"embeddable":true,"href":"http:\/\/homacdhe.com\/index.php\/wp-json\/wp\/v2\/pages\/14373"}],"wp:attachment":[{"href":"http:\/\/homacdhe.com\/index.php\/wp-json\/wp\/v2\/media?parent=15236"}],"curies":[{"name":"wp","href":"https:\/\/api.w.org\/{rel}","templated":true}]}}